 the greatest common divisor of 164 and 28.
4
What is the greatest common factor of 820 and 170?
10
Calculate the highest common divisor of 1140 and 95.
95
Calculate the highest common factor of 32 and 172.
4
Calculate the highest common divisor of 17976 and 7.
7
Calculate the greatest common divisor of 124 and 806.
62
What is the highest common factor of 6580 and 42?
14
Calculate the greatest common divisor of 169 and 481.
13
What is the greatest common divisor of 74 and 407?
37
What is the greatest common factor of 258 and 222?
6
What is the greatest common factor of 20 and 1040?
20
What is the greatest common factor of 24926 and 103?
103
What is the greatest common divisor of 2472 and 48?
24
What is the highest common factor of 624 and 39?
39
Calculate the greatest common divisor of 340 and 20.
20
Calculate the highest common divisor of 19 and 38.
19
Calculate the greatest common divisor of 16 and 12.
4
Calculate the greatest common factor of 3216 and 528.
48
Calculate the greatest common divisor of 46 and 1541.
23
What is the greatest common factor of 161 and 1633?
23
What is the highest common divisor of 150 and 4500?
150
Calculate the highest common divisor of 325 and 299.
13
Calculate the greatest common divisor of 50 and 5975.
25
Calculate the highest common factor of 5 and 95.
5
What is the highest common factor of 1 and 2084?
1
Calculate the highest common divisor of 468 and 273.
39
Calculate the highest common divisor of 24 and 84.
12
Calculate the highest common factor of 140 and 100.
20
Calculate the greatest common factor of 444 and 1221.
111
Calculate the highest common factor of 15848 and 8.
8
What is the greatest common factor of 360 and 432?
72
Calculate the greatest common factor of 8 and 7384.
8
Calculate the greatest common factor of 125 and 35.
5
Calculate the greatest common factor of 36 and 32.
4
What is the greatest common divisor of 34 and 2?
2
What is the greatest common divisor of 20740 and 61?
61
Calculate the highest common divisor of 26 and 18.
2
Calculate the greatest common factor of 399 and 285.
57
What is the highest common factor of 30 and 60?
30
What is the greatest common divisor of 1544 and 144?
8
What is the highest common divisor of 27 and 1473?
3
Calculate the greatest common factor of 48 and 2352.
48
What is the highest common factor of 9987 and 6?
3
Calculate the greatest common factor of 174 and 54.
6
What is the highest common factor of 68 and 1156?
68
Calculate the greatest common factor of 892 and 8.
4
What is the greatest common divisor of 31 and 31651?
31
What is the greatest common factor of 300 and 825?
75
Calculate the greatest common divisor of 6448 and 624.
208
Calculate the greatest common factor of 220 and 330.
110
Calculate the highest common factor of 5340 and 60.
60
What is the highest common divisor of 105 and 2?
1
Calculate the highest common divisor of 1443 and 39.
39
Calculate the greatest common factor of 170 and 2312.
34
What is the highest common factor of 153 and 288?
9
What is the highest common factor of 286 and 22?
22
Calculate the greatest common factor of 145 and 87.
29
What is the greatest common factor of 203 and 14?
7
Calculate the highest common divisor of 27 and 75.
3
Calculate the greatest common factor of 2418 and 780.
78
Calculate the greatest common factor of 384 and 84.
12
Calculate the highest common factor of 36 and 594.
18
Calculate the greatest common divisor of 16116 and 48.
12
Calculate the greatest common factor of 858 and 78.
78
Calculate the greatest common divisor of 50 and 15.
5
What is the highest common factor of 80 and 115?
5
Calculate the highest common divisor of 14 and 21.
7
Calculate the highest common divisor of 46 and 1656.
46
Calculate the highest common divisor of 3612 and 84.
84
What is the highest common factor of 2996 and 462?
14
What is the greatest common factor of 28 and 126?
14
What is the highest common divisor of 23 and 621?
23
Calculate the highest common divisor of 528 and 33.
33
What is the greatest common divisor of 105 and 483?
21
What is the highest common factor of 318 and 828?
6
What is the greatest common divisor of 165 and 110?
55
Calculate the highest common divisor of 2553 and 2208.
69
What is the highest common factor of 400 and 31600?
400
Calculate the highest common divisor of 88 and 1419.
11
What is the greatest common factor of 81 and 72?
9
What is the greatest common divisor of 315 and 135?
45
Calculate the greatest common factor of 344 and 8.
8
Calculate the highest common factor of 60 and 84.
12
What is the greatest common divisor of 240 and 105?
15
What is the greatest common factor of 889 and 7?
7
Calculate the greatest common divisor of 1 and 227.
1
What is the highest common divisor of 1152 and 1696?
32
What is the greatest common divisor of 52 and 650?
26
Calculate the highest common factor of 51 and 289.
17
Calculate the highest common factor of 6677 and 11.
11
Calculate the greatest common factor of 986 and 377.
29
What is the greatest common factor of 72 and 48?
24
Calculate the highest common factor of 165 and 2100.
15
What is the highest common factor of 765 and 2907?
153
Calculate the greatest common divisor of 357 and 2261.
119
Calculate the greatest common factor of 1130 and 540.
10
Calculate the greatest common factor of 36 and 84.
12
What is the highest common divisor of 908 and 52?
4
Calculate the highest common divisor of 4028 and 228.
76
What is the highest common divisor of 3368 and 8?
8
Calculate the highest common factor of 30 and 930.
30
What is the greatest common factor of 52318 and 74?
74
Calculate the highest common divisor of 3 and 1494.
3
Calculate the highest common factor of 77 and 132.
11
What is the highest common factor of 33 and 45672?
33
What is the greatest common divisor of 10823 and 79?
79
Calculate the highest common divisor of 42 and 42.
42
Calculate the highest common factor of 174 and 4176.
174
Calculate the greatest common divisor of 816 and 5508.
204
Calculate the greatest common factor of 1764 and 72.
36
What is the highest common factor of 60 and 36?
12
What is the highest common factor of 2820 and 90?
30
Calculate the highest common divisor of 164 and 5166.
82
Calculate the highest common divisor of 203 and 29.
29
Calculate the highest common divisor of 1892 and 43.
43
What is the greatest common factor of 14106 and 6?
6
Calculate the greatest common factor of 15 and 31695.
15
What is the greatest common divisor of 8 and 216?
8
What is the greatest common divisor of 1156 and 1394?
34
What is the greatest common factor of 635 and 254?
127
What is the highest common factor of 1365 and 78?
39
What is the greatest common factor of 8 and 28?
4
What is the greatest common factor of 100 and 1325?
25
Calculate the highest common factor of 4 and 52.
4
Calculate the highest common divisor of 22419 and 106.
53
What is the greatest common factor of 221 and 39?
13
What is the highest common factor of 644 and 14?
14
Calculate the highest common factor of 32 and 4.
4
Calculate the highest common factor of 5610 and 102.
102
Calculate the highest common factor of 45 and 5085.
45
What is the greatest common divisor of 99 and 363?
33
Calculate the greatest common divisor of 40 and 340.
20
What is the greatest common divisor of 3519 and 102?
51
What is the greatest common factor of 567 and 21?
21
What is the greatest common factor of 1526 and 14?
14
Calculate the highest common divisor of 936 and 572.
52
Calculate the highest common factor of 7056 and 16.
16
What is the greatest common factor of 2 and 58?
2
What is the highest common divisor of 392 and 938?
14
Calculate the highest common divisor of 646 and 38.
38
What is the highest common divisor of 165 and 45?
15
What is the highest common factor of 215 and 5?
5
What is the highest common divisor of 143 and 13?
13
Calculate the greatest common factor of 1776 and 48.
48
What is the greatest common divisor of 902 and 66?
22
Calculate the greatest common divisor of 500 and 1125.
125
What is the highest common divisor of 464 and 1914?
58
What is the greatest common factor of 1215 and 30?
15
Calculate the greatest common factor of 114 and 3.
3
Calculate the greatest common divisor of 22360 and 43.
43
What is the greatest common divi